{"id":76,"date":"2021-12-13T19:41:36","date_gmt":"2021-12-13T19:41:36","guid":{"rendered":"https:\/\/www.temperament430.cz\/?page_id=76"},"modified":"2022-11-27T00:20:55","modified_gmt":"2022-11-27T00:20:55","slug":"2015-foto","status":"publish","type":"page","link":"https:\/\/www.temperament430.cz\/?page_id=76","title":{"rendered":"2015"},"content":{"rendered":"\n<p>21. 5. 2015 D\u011btsk\u00fd klub Kodymka \u2013 Akiko Wada<br>foto: Temperament430<\/p>\n\n\n\n<div class=\"wp-block-columns is-layout-flex wp-container-core-columns-is-layout-9d6595d7 wp-block-columns-is-layout-flex\"><\/div>\n\n\n\n<div class=\"wp-block-columns is-layout-flex wp-container-core-columns-is-layout-9d6595d7 wp-block-columns-is-layout-flex\">\n<div class=\"wp-block-column is-layout-flow wp-block-column-is-layout-flow\"><div class=\"wp-block-image\">\n<figure class=\"aligncenter size-full\"><img loading=\"lazy\" decoding=\"async\" width=\"331\" height=\"369\" src=\"https:\/\/www.temperament430.cz\/wp-content\/uploads\/2022\/01\/14-1-1.jpg\" alt=\"\" class=\"wp-image-223\" srcset=\"https:\/\/www.temperament430.cz\/wp-content\/uploads\/2022\/01\/14-1-1.jpg 331w, https:\/\/www.temperament430.cz\/wp-content\/uploads\/2022\/01\/14-1-1-269x300.jpg 269w\" sizes=\"auto, (max-width: 331px) 100vw, 331px\" \/><\/figure>\n<\/div><\/div>\n\n\n\n<div class=\"wp-block-column is-layout-flow wp-block-column-is-layout-flow\"><div class=\"wp-block-image\">\n<figure class=\"aligncenter size-full\"><img loading=\"lazy\" decoding=\"async\" width=\"308\" height=\"369\" src=\"https:\/\/www.temperament430.cz\/wp-content\/uploads\/2022\/01\/14-2.jpg\" alt=\"\" class=\"wp-image-215\" srcset=\"https:\/\/www.temperament430.cz\/wp-content\/uploads\/2022\/01\/14-2.jpg 308w, https:\/\/www.temperament430.cz\/wp-content\/uploads\/2022\/01\/14-2-250x300.jpg 250w\" sizes=\"auto, (max-width: 308px) 100vw, 308px\" \/><\/figure>\n<\/div><\/div>\n<\/div>\n\n\n\n<p>23. 8. 2015 Fl\u00e9tna a Fagot (a 183 p\u00ed\u0161\u0165al) \u2013 Dob\u0159ichovice<br>foto: Temperament430 <\/p>\n\n\n\n<div class=\"wp-block-columns is-layout-flex wp-container-core-columns-is-layout-9d6595d7 wp-block-columns-is-layout-flex\">\n<div class=\"wp-block-column is-layout-flow wp-block-column-is-layout-flow\"><div class=\"wp-block-image\">\n<figure class=\"aligncenter size-full\"><img loading=\"lazy\" decoding=\"async\" width=\"308\" height=\"369\" src=\"https:\/\/www.temperament430.cz\/wp-content\/uploads\/2022\/01\/15-1-1.jpg\" alt=\"\" class=\"wp-image-224\" srcset=\"https:\/\/www.temperament430.cz\/wp-content\/uploads\/2022\/01\/15-1-1.jpg 308w, https:\/\/www.temperament430.cz\/wp-content\/uploads\/2022\/01\/15-1-1-250x300.jpg 250w\" sizes=\"auto, (max-width: 308px) 100vw, 308px\" \/><\/figure>\n<\/div><\/div>\n\n\n\n<div class=\"wp-block-column is-layout-flow wp-block-column-is-layout-flow\"><div class=\"wp-block-image\">\n<figure class=\"aligncenter size-full\"><img loading=\"lazy\" decoding=\"async\" width=\"468\" height=\"312\" src=\"https:\/\/www.temperament430.cz\/wp-content\/uploads\/2022\/01\/15-2.jpg\" alt=\"\" class=\"wp-image-217\" srcset=\"https:\/\/www.temperament430.cz\/wp-content\/uploads\/2022\/01\/15-2.jpg 468w, https:\/\/www.temperament430.cz\/wp-content\/uploads\/2022\/01\/15-2-300x200.jpg 300w\" sizes=\"auto, (max-width: 468px) 100vw, 468px\" \/><\/figure>\n<\/div><\/div>\n<\/div>\n\n\n\n<p>6. 9. 2015 A-Fest in Park \u2013 Pr\u016fhonick\u00fd park a z\u00e1mek<br>foto: Ji\u0159\u00ed Macha\u010d <\/p>\n\n\n\n<div class=\"wp-block-columns is-layout-flex wp-container-core-columns-is-layout-9d6595d7 wp-block-columns-is-layout-flex\">\n<div class=\"wp-block-column is-layout-flow wp-block-column-is-layout-flow\"><div class=\"wp-block-image\">\n<figure class=\"aligncenter size-full\"><img loading=\"lazy\" decoding=\"async\" width=\"308\" height=\"304\" src=\"https:\/\/www.temperament430.cz\/wp-content\/uploads\/2022\/01\/16-1.jpg\" alt=\"\" class=\"wp-image-225\" srcset=\"https:\/\/www.temperament430.cz\/wp-content\/uploads\/2022\/01\/16-1.jpg 308w, https:\/\/www.temperament430.cz\/wp-content\/uploads\/2022\/01\/16-1-300x296.jpg 300w\" sizes=\"auto, (max-width: 308px) 100vw, 308px\" \/><\/figure>\n<\/div><\/div>\n\n\n\n<div class=\"wp-block-column is-layout-flow wp-block-column-is-layout-flow\"><div class=\"wp-block-image\">\n<figure class=\"aligncenter size-full\"><img loading=\"lazy\" decoding=\"async\" width=\"468\" height=\"307\" src=\"https:\/\/www.temperament430.cz\/wp-content\/uploads\/2022\/01\/16-2.jpg\" alt=\"\" class=\"wp-image-226\" srcset=\"https:\/\/www.temperament430.cz\/wp-content\/uploads\/2022\/01\/16-2.jpg 468w, https:\/\/www.temperament430.cz\/wp-content\/uploads\/2022\/01\/16-2-300x197.jpg 300w\" sizes=\"auto, (max-width: 468px) 100vw, 468px\" \/><\/figure>\n<\/div><\/div>\n<\/div>\n\n\n\n<p>7. 10. 2015 Art Space \u2013 Vivat Telemann<br>foto: Temperament430<\/p>\n\n\n\n<div class=\"wp-block-columns is-layout-flex wp-container-core-columns-is-layout-9d6595d7 wp-block-columns-is-layout-flex\">\n<div class=\"wp-block-column is-layout-flow wp-block-column-is-layout-flow\"><div class=\"wp-block-image\">\n<figure class=\"aligncenter size-full\"><img loading=\"lazy\" decoding=\"async\" width=\"308\" height=\"354\" src=\"https:\/\/www.temperament430.cz\/wp-content\/uploads\/2022\/01\/17-1-1.jpg\" alt=\"\" class=\"wp-image-227\" srcset=\"https:\/\/www.temperament430.cz\/wp-content\/uploads\/2022\/01\/17-1-1.jpg 308w, https:\/\/www.temperament430.cz\/wp-content\/uploads\/2022\/01\/17-1-1-261x300.jpg 261w\" sizes=\"auto, (max-width: 308px) 100vw, 308px\" \/><\/figure>\n<\/div><\/div>\n\n\n\n<div class=\"wp-block-column is-layout-flow wp-block-column-is-layout-flow\"><div class=\"wp-block-image\">\n<figure class=\"aligncenter size-full\"><img loading=\"lazy\" decoding=\"async\" width=\"468\" height=\"351\" src=\"https:\/\/www.temperament430.cz\/wp-content\/uploads\/2022\/01\/17-2-1.jpg\" alt=\"\" class=\"wp-image-228\" srcset=\"https:\/\/www.temperament430.cz\/wp-content\/uploads\/2022\/01\/17-2-1.jpg 468w, https:\/\/www.temperament430.cz\/wp-content\/uploads\/2022\/01\/17-2-1-300x225.jpg 300w\" sizes=\"auto, (max-width: 468px) 100vw, 468px\" \/><\/figure>\n<\/div><\/div>\n<\/div>\n\n\n\n<div class=\"wp-block-columns is-layout-flex wp-container-core-columns-is-layout-9d6595d7 wp-block-columns-is-layout-flex\">\n<div class=\"wp-block-column is-layout-flow wp-block-column-is-layout-flow\"><div class=\"wp-block-image\">\n<figure class=\"aligncenter size-full\"><img loading=\"lazy\" decoding=\"async\" width=\"468\" height=\"351\" src=\"https:\/\/www.temperament430.cz\/wp-content\/uploads\/2022\/01\/17-3-1.jpg\" alt=\"\" class=\"wp-image-229\" srcset=\"https:\/\/www.temperament430.cz\/wp-content\/uploads\/2022\/01\/17-3-1.jpg 468w, https:\/\/www.temperament430.cz\/wp-content\/uploads\/2022\/01\/17-3-1-300x225.jpg 300w\" sizes=\"auto, (max-width: 468px) 100vw, 468px\" \/><\/figure>\n<\/div><\/div>\n\n\n\n<div class=\"wp-block-column is-layout-flow wp-block-column-is-layout-flow\"><div class=\"wp-block-image\">\n<figure class=\"aligncenter size-full\"><img loading=\"lazy\" decoding=\"async\" width=\"308\" height=\"410\" src=\"https:\/\/www.temperament430.cz\/wp-content\/uploads\/2022\/01\/17-4-1.jpg\" alt=\"\" class=\"wp-image-230\" srcset=\"https:\/\/www.temperament430.cz\/wp-content\/uploads\/2022\/01\/17-4-1.jpg 308w, https:\/\/www.temperament430.cz\/wp-content\/uploads\/2022\/01\/17-4-1-225x300.jpg 225w\" sizes=\"auto, (max-width: 308px) 100vw, 308px\" \/><\/figure>\n<\/div><\/div>\n<\/div>\n\n\n\n<p>20. 12. 2015 Art Space \u2013 Ryba na V\u00e1noce<br>foto: Temperament430<\/p>\n\n\n\n<div class=\"wp-block-columns is-layout-flex wp-container-core-columns-is-layout-9d6595d7 wp-block-columns-is-layout-flex\">\n<div class=\"wp-block-column is-layout-flow wp-block-column-is-layout-flow\"><div class=\"wp-block-image\">\n<figure class=\"aligncenter size-full\"><img loading=\"lazy\" decoding=\"async\" width=\"468\" height=\"351\" src=\"https:\/\/www.temperament430.cz\/wp-content\/uploads\/2022\/01\/18-1.jpg\" alt=\"\" class=\"wp-image-231\" srcset=\"https:\/\/www.temperament430.cz\/wp-content\/uploads\/2022\/01\/18-1.jpg 468w, https:\/\/www.temperament430.cz\/wp-content\/uploads\/2022\/01\/18-1-300x225.jpg 300w\" sizes=\"auto, (max-width: 468px) 100vw, 468px\" \/><\/figure>\n<\/div><\/div>\n\n\n\n<div class=\"wp-block-column is-layout-flow wp-block-column-is-layout-flow\"><div class=\"wp-block-image\">\n<figure class=\"aligncenter size-full\"><img loading=\"lazy\" decoding=\"async\" width=\"468\" height=\"351\" src=\"https:\/\/www.temperament430.cz\/wp-content\/uploads\/2022\/01\/18-2.jpg\" alt=\"\" class=\"wp-image-232\" srcset=\"https:\/\/www.temperament430.cz\/wp-content\/uploads\/2022\/01\/18-2.jpg 468w, https:\/\/www.temperament430.cz\/wp-content\/uploads\/2022\/01\/18-2-300x225.jpg 300w\" sizes=\"auto, (max-width: 468px) 100vw, 468px\" \/><\/figure>\n<\/div><\/div>\n<\/div>\n","protected":false},"excerpt":{"rendered":"<p>21. 5. 2015 D\u011btsk\u00fd klub Kodymka \u2013 Akiko Wadafoto: Temperament430 23. 8. 2015 Fl\u00e9tna a Fagot (a 183 p\u00ed\u0161\u0165al) \u2013<a href=\"https:\/\/www.temperament430.cz\/?page_id=76\" class=\"more-link\"><span class=\"readmore\">Continue reading<span class=\"screen-reader-text\">2015<\/span><\/span><\/a><\/p>\n","protected":false},"author":1,"featured_media":0,"parent":0,"menu_order":0,"comment_status":"closed","ping_status":"closed","template":"","meta":{"footnotes":""},"folder":[4],"class_list":["post-76","page","type-page","status-publish","hentry"],"_links":{"self":[{"href":"https:\/\/www.temperament430.cz\/index.php?rest_route=\/wp\/v2\/pages\/76","targetHints":{"allow":["GET"]}}],"collection":[{"href":"https:\/\/www.temperament430.cz\/index.php?rest_route=\/wp\/v2\/pages"}],"about":[{"href":"https:\/\/www.temperament430.cz\/index.php?rest_route=\/wp\/v2\/types\/page"}],"author":[{"embeddable":true,"href":"https:\/\/www.temperament430.cz\/index.php?rest_route=\/wp\/v2\/users\/1"}],"replies":[{"embeddable":true,"href":"https:\/\/www.temperament430.cz\/index.php?rest_route=%2Fwp%2Fv2%2Fcomments&post=76"}],"version-history":[{"count":4,"href":"https:\/\/www.temperament430.cz\/index.php?rest_route=\/wp\/v2\/pages\/76\/revisions"}],"predecessor-version":[{"id":688,"href":"https:\/\/www.temperament430.cz\/index.php?rest_route=\/wp\/v2\/pages\/76\/revisions\/688"}],"wp:attachment":[{"href":"https:\/\/www.temperament430.cz\/index.php?rest_route=%2Fwp%2Fv2%2Fmedia&parent=76"}],"wp:term":[{"taxonomy":"folder","embeddable":true,"href":"https:\/\/www.temperament430.cz\/index.php?rest_route=%2Fwp%2Fv2%2Ffolder&post=76"}],"curies":[{"name":"wp","href":"https:\/\/api.w.org\/{rel}","templated":true}]}}