{"id":32,"date":"2021-12-06T13:05:10","date_gmt":"2021-12-06T13:05:10","guid":{"rendered":"https:\/\/www.temperament430.cz\/?page_id=32"},"modified":"2022-11-25T18:38:38","modified_gmt":"2022-11-25T18:38:38","slug":"uvodni-stranka","status":"publish","type":"page","link":"https:\/\/www.temperament430.cz\/","title":{"rendered":"\u00davodn\u00ed str\u00e1nka"},"content":{"rendered":"\n<figure class=\"wp-block-image is-resized\"><img loading=\"lazy\" decoding=\"async\" src=\"https:\/\/www.temperament430.cz\/wp-content\/uploads\/2022\/11\/Plakat-Artspace-221207_page-00011.jpg\" alt=\"\" class=\"wp-image-538\" width=\"931\" height=\"1316\" srcset=\"https:\/\/www.temperament430.cz\/wp-content\/uploads\/2022\/11\/Plakat-Artspace-221207_page-00011.jpg 1241w, https:\/\/www.temperament430.cz\/wp-content\/uploads\/2022\/11\/Plakat-Artspace-221207_page-00011-212x300.jpg 212w, https:\/\/www.temperament430.cz\/wp-content\/uploads\/2022\/11\/Plakat-Artspace-221207_page-00011-725x1024.jpg 725w, https:\/\/www.temperament430.cz\/wp-content\/uploads\/2022\/11\/Plakat-Artspace-221207_page-00011-768x1085.jpg 768w, https:\/\/www.temperament430.cz\/wp-content\/uploads\/2022\/11\/Plakat-Artspace-221207_page-00011-1087x1536.jpg 1087w\" sizes=\"auto, (max-width: 931px) 100vw, 931px\" \/><\/figure>\n\n\n\n<p> Varujme se jen t\u00e9 promrzelosti, kter\u00e1 se tak snadn\u011b zmocn\u00ed \u010dlov\u011bka, kdy\u017e n\u011bkolikr\u00e1te bez prosp\u011bchu by se nam\u00e1hal, promrzelosti, kter\u00e1 tak lehce v\u0161\u00edm pra\u0161t\u00ed a mrzut\u00e9 ne\u010dinnosti si hov\u00ed, promrzelosti, kterou pr\u00e1v\u011b nejv\u00edce cht\u00ed vzbuditi v\u0161ichni nen\u00e1vid\u00edc\u00ed pravou svobodu&#8230; Ne\u010di\u0148me jim po v\u016fli, nedejme se promrzeti. Jest tis\u00edcero cest, na kter\u00fdch m\u016f\u017eeme p\u016fsobiti a p\u0159isp\u00edvati ke kone\u010dn\u00e9mu v\u00edt\u011bzstv\u00ed na\u0161ich z\u00e1sad&#8230;                                                                                                                             Karel Havl\u00ed\u010dek Borovsk\u00fd<\/p>\n\n\n\n<p>A\u0165 nalistujeme kter\u00fdkoli text z pera Karla Havl\u00ed\u010dka Borovsk\u00e9ho, a\u010dkoli je to u\u017e 200 let, co se narodil a co mu osud dop\u0159\u00e1l \u017e\u00edt tak nestydat\u011b kr\u00e1tkou dobu, nebudete sta\u010dit \u017easnout nad pronikavost\u00ed, jiskrnost\u00ed, n\u00e1paditost\u00ed, tvo\u0159ivost\u00ed a moudrost\u00ed jeho my\u0161lenek. Chceme se pou\u010dit o tom, co je svoboda a demokracie? T\u00e9matu dnes nanejv\u00fd\u0161 aktu\u00e1ln\u00edm? Za\u010dn\u011bme u Havl\u00ed\u010dka. (Ivan \u0160tern)<\/p>\n","protected":false},"excerpt":{"rendered":"<p>Varujme se jen t\u00e9 promrzelosti, kter\u00e1 se tak snadn\u011b zmocn\u00ed \u010dlov\u011bka, kdy\u017e n\u011bkolikr\u00e1te bez prosp\u011bchu by se nam\u00e1hal, promrzelosti, kter\u00e1<a href=\"https:\/\/www.temperament430.cz\/\" class=\"more-link\"><span class=\"readmore\">Continue reading<span class=\"screen-reader-text\">\u00davodn\u00ed str\u00e1nka<\/span><\/span><\/a><\/p>\n","protected":false},"author":1,"featured_media":0,"parent":0,"menu_order":0,"comment_status":"closed","ping_status":"closed","template":"","meta":{"footnotes":""},"folder":[8],"class_list":["post-32","page","type-page","status-publish","hentry"],"_links":{"self":[{"href":"https:\/\/www.temperament430.cz\/index.php?rest_route=\/wp\/v2\/pages\/32","targetHints":{"allow":["GET"]}}],"collection":[{"href":"https:\/\/www.temperament430.cz\/index.php?rest_route=\/wp\/v2\/pages"}],"about":[{"href":"https:\/\/www.temperament430.cz\/index.php?rest_route=\/wp\/v2\/types\/page"}],"author":[{"embeddable":true,"href":"https:\/\/www.temperament430.cz\/index.php?rest_route=\/wp\/v2\/users\/1"}],"replies":[{"embeddable":true,"href":"https:\/\/www.temperament430.cz\/index.php?rest_route=%2Fwp%2Fv2%2Fcomments&post=32"}],"version-history":[{"count":25,"href":"https:\/\/www.temperament430.cz\/index.php?rest_route=\/wp\/v2\/pages\/32\/revisions"}],"predecessor-version":[{"id":598,"href":"https:\/\/www.temperament430.cz\/index.php?rest_route=\/wp\/v2\/pages\/32\/revisions\/598"}],"wp:attachment":[{"href":"https:\/\/www.temperament430.cz\/index.php?rest_route=%2Fwp%2Fv2%2Fmedia&parent=32"}],"wp:term":[{"taxonomy":"folder","embeddable":true,"href":"https:\/\/www.temperament430.cz\/index.php?rest_route=%2Fwp%2Fv2%2Ffolder&post=32"}],"curies":[{"name":"wp","href":"https:\/\/api.w.org\/{rel}","templated":true}]}}